{"id":3091,"date":"2016-07-14T22:52:00","date_gmt":"2016-07-14T21:52:00","guid":{"rendered":"http:\/\/hkreiter.com\/?page_id=3091"},"modified":"2019-01-15T16:27:56","modified_gmt":"2019-01-15T15:27:56","slug":"tilt","status":"publish","type":"page","link":"http:\/\/hkreiter.com\/tilt\/","title":{"rendered":"TILT"},"content":{"rendered":"<h3 style=\"text-align: justify;\"><span style=\"color: #3366ff;\"><strong>Das Buch \u00a0 \u00a0 \u00a0 \u00a0 \u00a0 \u00a0 \u00a0 \u00a0 \u00a0 \u00a0 \u00a0 \u00a0 \u00a0 \u00a0 \u00a0 \u00a0 \u00a0 \u00a0 \u00a0 \u00a0 \u00a0 \u00a0 \u00a0 \u00a0 \u00a0 \u00a0 \u00a0 \u00a0 \u00a0 \u00a0 \u00a0 \u00a0 \u00a0 \u00a0 \u00a0 \u00a0 \u00a0 \u00a0 \u00a0 \u00a0 \u00a0 \u00a0<\/strong><\/span><\/h3>\n<p>Im Januar 2007 und den Folgemonaten berichten die Medien \u00fcber massive Vorw\u00fcrfe von Korruption und der Bildung schwarzer Kassen in einem deutschen Konzern. Gierige Manager haben hunderte von Millionen verschoben, aber die \u00d6ffentlichkeit scheint mit der Zeit das Interesse zu verlieren, als immer neue Fragmente des Skandals bekannt werden. Kontrollorgane des Konzerns sind in den illegalen Handel verstrickt. Durch Zahlung gewaltiger, millionenschwerer Bu\u00dfgelder zieht der Konzern den Kopf aus der Schlinge.<\/p>\n<p>Die Geschichte dieses Buches reicht weit \u00fcber die \u00f6ffentlich bekannt gewordene Wahrheit hinaus. Passagen hinzugef\u00fcgt, \u00f6ffnet sich ein tiefer Abgrund verbrecherischen Handelns. Die illegal entnommenen Gelder sind jeglicher Kontrolle entzogen und werden zum Fundament eines korrupten Systems zur Beschaffung von Auftr\u00e4gen. Aber nur einer kennt dieses System und wei\u00df, wo die Millionen gehortet sind. Und sie sind Menschen mit Schw\u00e4chen und Neigungen, die dem Sog des Geldes verfallen. Die Geschichte verfolgt die dubiosen Wege der Geldbeschaffung und entbl\u00f6\u00dft die skrupellose Dynamik des illegalen Gesch\u00e4ftes. Fehler werden mit dem Leben bezahlt. Der Journalist Harald Brenner recherchiert und ger\u00e4t in t\u00f6dliche Gefahr.<\/p>\n<p>Der Text enth\u00e4lt Passagen mit sexuellem Inhalt, die f\u00fcr Jugendliche nicht geeignet sind.<\/p>\n<h5><span style=\"color: #ff00ff;\">Ich will mehr erfahren:<\/span><\/h5>\n<h5><span style=\"color: #ff00ff;\">\u00a0&#8211; Verlag:<\/span>\u00a0 \u00a0 \u00a0 \u00a0 \u00a0 \u00a0 <em>\u00a0 \u00a0 \u00a0 \u00a0<\/em><span style=\"color: #0000ff;\"><a style=\"color: #0000ff;\" href=\"https:\/\/tredition.de\/autoren\/hans-k-reiter-9966\/tilt-paperback-83181\/\"><em>Buch<\/em><\/a>\u00a0 &#8212;<\/span>\u00a0 <span style=\"color: #0000ff;\"><a style=\"color: #0000ff;\" href=\"https:\/\/tredition.de\/autoren\/hans-k-reiter-9966\/tilt-e-book-83183\/\"><em>eBook<\/em><\/a><\/span><\/h5>\n<h5><span style=\"color: #ff00ff;\">\u00a0&#8211; Amazon:\u00a0 \u00a0 \u00a0 \u00a0 \u00a0 \u00a0 \u00a0 \u00a0\u00a0<span style=\"color: #3366ff;\"><em><span style=\"color: #0000ff;\"><a style=\"color: #0000ff;\" href=\"https:\/\/www.amazon.de\/Tilt-T%C3%B6dliche-Aff%C3%A4re-eines-Konzerns\/dp\/3734539552\/ref=sr_1_1_twi_pap_2?ie=UTF8&amp;qid=1539268342&amp;sr=8-1&amp;keywords=hans+k.+reiter\">Buch<\/a>\u00a0<\/span> <span style=\"color: #0000ff;\">&#8212;<\/span>\u00a0\u00a0<\/em><span style=\"color: #0000ff;\"><a style=\"color: #0000ff;\" href=\"https:\/\/www.amazon.de\/Tilt-T%C3%B6dliche-Aff%C3%A4re-eines-Konzerns-ebook\/dp\/B01K47Z16G\/ref=tmm_kin_swatch_0?_encoding=UTF8&amp;qid=1539268342&amp;sr=8-1\"><em><span style=\"text-decoration: underline;\">eBook<\/span><\/em><\/a><\/span><\/span><\/span><\/h5>\n\n\n<p><\/p>\n","protected":false},"excerpt":{"rendered":"<p>&hellip;<\/p>\n","protected":false},"author":1,"featured_media":3076,"parent":0,"menu_order":20,"comment_status":"closed","ping_status":"closed","template":"","meta":{"footnotes":""},"_links":{"self":[{"href":"http:\/\/hkreiter.com\/tilt\/wp-json\/wp\/v2\/pages\/3091"}],"collection":[{"href":"http:\/\/hkreiter.com\/tilt\/wp-json\/wp\/v2\/pages"}],"about":[{"href":"http:\/\/hkreiter.com\/tilt\/wp-json\/wp\/v2\/types\/page"}],"author":[{"embeddable":true,"href":"http:\/\/hkreiter.com\/tilt\/wp-json\/wp\/v2\/users\/1"}],"replies":[{"embeddable":true,"href":"http:\/\/hkreiter.com\/tilt\/wp-json\/wp\/v2\/comments?post=3091"}],"version-history":[{"count":28,"href":"http:\/\/hkreiter.com\/tilt\/wp-json\/wp\/v2\/pages\/3091\/revisions"}],"predecessor-version":[{"id":4141,"href":"http:\/\/hkreiter.com\/tilt\/wp-json\/wp\/v2\/pages\/3091\/revisions\/4141"}],"wp:featuredmedia":[{"embeddable":true,"href":"http:\/\/hkreiter.com\/tilt\/wp-json\/wp\/v2\/media\/3076"}],"wp:attachment":[{"href":"http:\/\/hkreiter.com\/tilt\/wp-json\/wp\/v2\/media?parent=3091"}],"curies":[{"name":"wp","href":"https:\/\/api.w.org\/{rel}","templated":true}]}}